mmon factor of d and 16.
8
Suppose -3*d + 2*d = -90. Let f = d - 34. Calculate the highest common factor of f and 14.
14
Let h = -149 - -317. What is the greatest common factor of 21 and h?
21
Let f(s) = 2*s + 3. Let t(r) = -r + 1. Let x(q) = f(q) + 3*t(q). Let k be x(-5). What is the highest common divisor of 55 and k?
11
Suppose 4*o - 48 = 36. Let i = o - 14. What is the highest common divisor of 35 and i?
7
Let f = 18 - 4. Suppose -3*x - s = -16, -5*x = -2*x + 4*s - 28. Let l be 223/4 - (-1)/x. Calculate the greatest common factor of f and l.
14
Suppose 3*n + 1 = 7. Suppose 5*g - 66 = n*g. Let m be (-4)/12 - (-7)/3. What is the highest common factor of g and m?
2
Let z(l) = -l**3 + 5*l - 2. Let c be z(3). Let v = c - -28. Suppose -3*n = 2*g - 0*g - 37, g - v = -n. What is the greatest common factor of 3 and n?
3
Let r = -66 + 73. Calculate the highest common divisor of 2 and r.
1
Suppose 0 = -2*b + 3*d + 1, -d = 2*b + 4*d - 9. Let h(j) = j**2 + 13*j - 6. Let v be h(-14). Calculate the greatest common factor of v and b.
2
Let u be (-1 - 1 - -14)*(-7)/(-2). Let w be (0 - -3) + -2 + 4. Suppose -w = -y + 1. What is the greatest common divisor of u and y?
6
Suppose 0 = -0*y + 5*y - 25. Let z = 2 - 48. Let f = 71 + z. What is the highest common factor of f and y?
5
Let h(g) = -g + 3. Let i be h(-3). Suppose -3*a = -36 - i. Calculate the highest common divisor of a and 126.
14
Let a = -5 + 17. Suppose 144 = 7*n - 3*n. What is the highest common divisor of n and a?
12
Let l = -60 - -63. Calculate the greatest common divisor of 6 and l.
3
Suppose 5*p = -59 + 14. Let z = p - -14. Let h = -3 - -5. Calculate the greatest common factor of z and h.
1
Suppose 6*a - 2*a - 5*u = 47, -a - 3*u - 1 = 0. Suppose -s = 0, s + 6 - 38 = -2*o. Calculate the greatest common factor of a and o.
8
Let p be (-8)/(-16) - (-498)/4. Calculate the highest common factor of p and 25.
25
Suppose 0 = u + 2*o - 35, -2*u + o + 14 = -36. What is the greatest common divisor of 297 and u?
27
Suppose 2*n - 7*n = -20. Suppose 4*k - 68 = -4*t, -t = t - 4*k - n. Let v be 56/3 + 2/(-3). What is the greatest common divisor of v and t?
6
Let s = -19 + 33. Let l be 2/(-8) - (-45)/20. Suppose 50 = 5*v - 5*t, 12 = l*t - 6*t. What is the greatest common divisor of v and s?
7
Suppose 18 = 5*k - 27. Let u be k/12*-27*-4. What is the greatest common factor of u and 9?
9
Let h = 20 - 11. Let q(y) = 3*y**2 + 7*y + 5. Let x be q(-5). Calculate the highest common factor of h and x.
9
Suppose 5*i - 8 = 4*v, 3*i - 6*v = -v - 3. Let a be -1 + 22/i*2. Suppose 8 = 3*s + s. Calculate the greatest common factor of a and s.
2
Let r be ((-1 - 49) + -1)/(1/(-1)). Calculate the greatest common divisor of 34 and r.
17
Let i = 224 - 108. Let w(n) = -n**3 + n**2 + n + 29. Let k be w(0). Calculate the greatest common factor of i and k.
29
Let j be (-98)/(-8) + 3/(-12). Let q = -23 - -155. What is the highest common factor of j and q?
12
Let p(i) = i - 3. Let w be p(5). What is the greatest common divisor of 2 and w?
2
Let h(r) = -r**3 - 10*r**2 + 3*r + 11. Let a be h(-11). What is the highest common divisor of 66 and a?
33
Let q = -45 - -115. Calculate the highest common factor of q and 28.
14
Suppose k + 0*k - 6 = 0. What is the highest common factor of k and 66?
6
Let a(t) = t**2 + 4*t + 6. Let k be a(-6). Calculate the highest common divisor of 18 and k.
18
Let r = 161 + -158. Calculate the highest common divisor of 2 and r.
1
Let c be -3 + (0 - (3 - 21)). What is the highest common divisor of 120 and c?
15
Let s be (2/2)/(1/4). Suppose -3*u + s*u - 4 = 0. Suppose z - u = -0. What is the highest common factor of z and 20?
4
Suppose q + 3*t - 1396 = 5*q, -3*t - 1745 = 5*q. Let g = q - -492. Calculate the greatest common divisor of g and 13.
13
Let j = -2 - -4. Suppose 3*w = -j*w + 80. Calculate the greatest common divisor of 40 and w.
8
Suppose 0 = 5*c + 40 - 160. Let y(q) = q**2 + 2*q. Let w be y(6). What is the greatest common divisor of c and w?
24
Let k be (-7)/(-2) + 4/(-8). Suppose -220 = -k*p - 2*p. Calculate the highest common factor of 11 and p.
11
Suppose q - 3*m - 100 = m, -70 = -q - 2*m. Let l be (24/(-5))/(6/(-40)). What is the greatest common factor of l and q?
16
Let l(p) be the third derivative of p**6/120 + p**3/6 - 3*p**2. Let n be l(5). Calculate the greatest common factor of n and 14.
14
Suppose -2*d = -4*d - 5*i + 11, -13 = -5*d + 2*i. Suppose -d*m + 2*m = -14. What is the greatest common divisor of 70 and m?
14
Let r(q) = -q**3 - 4*q**2 - q - 2. Let z be r(-4). Let i = 0 + z. Let y be (5 - i) + (-2)/(-2). What is the greatest common divisor of y and 44?
4
Let c = -30 + 48. What is the greatest common divisor of c and 18?
18
Let z(o) = -o**3 + 5*o**2 + 2*o - 6. Let b be 5*-1*(-12)/15. Let i be z(b). Suppose v - i = -v. What is the greatest common factor of 27 and v?
9
Let v(n) = -n + 4. Let b be v(3). Let u be (4/10)/(b/475). What is the highest common factor of 19 and u?
19
Let j(y) = 2*y - 3. Let o = 29 + -17. Let t be j(o). What is the greatest common factor of t and 189?
21
Let b(o) = -2*o - 5 + 6*o + o - 3*o + o**2. Let u be b(-5). Let y be (2 + u*2)/2. Calculate the highest common factor of y and 1.
1
Let i(f) = f + 35. Let o = 8 - 8. Let m be i(o). Let t = -26 - -40. Calculate the greatest common divisor of m and t.
7
Suppose x = 2*g + 21, 0 = 3*x - 0*g + 2*g - 39. What is the greatest common divisor of 15 and x?
15
Let t = 47 + -22. Let r = -1 + 6. Calculate the highest common divisor of r and t.
5
Let s be (1 + (-21)/(-6))*2. Calculate the greatest common divisor of s and 9.
9
Suppose 7*m - 3*z = 6*m + 17, 4*z = -3*m + 90. Suppose -3*n = 2*n - 4*w - 207, -4*n + 2*w = -162. Calculate the greatest common factor of m and n.
13
Suppose -4*m = 25 - 9. Let h = m - -7. Suppose 0*p + 81 = h*y + p, -2*y - 2*p + 50 = 0. Calculate the greatest common factor of 14 and y.
14
Suppose -3*d - 5*x = -9, -2*x = 4*d + 2*x - 12. Suppose -24 = l - 3*l - 5*a, 48 = 4*l + d*a. Let m = -222 - -318. What is the highest common divisor of m and l?
12
Let j(v) = -33*v + 1. Let y be j(3). Let d = 163 + y. What is the highest common factor of 13 and d?
13
Suppose -p - 2*p + 330 = 0. What is the greatest common factor of 10 and p?
10
Let z(q) = q**3 - 4*q**2 + q + 4. Let v be z(4). Let h(i) = -i**3 + 18*i**2 - 15*i - 14. Let n be h(17). Calculate the highest common factor of n and v.
4
Let w(k) = 4 + k**3 + 2*k - 3*k - k**2 + 0*k. Let s be w(0). Suppose 0 = -6*g + s*g + 30. Calculate the highest common factor of g and 5.
5
Suppose -2*i + 2*y + 10 = 6*y, -5*i + 85 = -5*y. Let h = -5 + i. Suppose t - 18 = 22. What is the highest common factor of t and h?
8
Let b(k) = -k**3 - 5*k**2 + 6*k - 8. Suppose 12 = -2*m - 2*j - 2, 4*j + 14 = -2*m. Let a be b(m). What is the greatest common factor of 6 and a?
6
Let i = 80 + -55. Calculate the greatest common divisor of 225 and i.
25
Let a(d) = d + 7. Let f = -1 + 0. Let x be 0/f*(2 + -3). Let u be a(x). Calculate the greatest common divisor of 63 and u.
7
Suppose 0 = 12*y - 2*y - 120. Calculate the greatest common divisor of y and 120.
12
Let v = 1 + 8. Suppose z = -z - 212. Let p be 2/3 + z/(-3). Calculate the greatest common factor of p and v.
9
Suppose -q = -46 + 2. Suppose -1 = -h + 3*t, -5*h + h = 5*t - 21. Suppose 0*n + h = n. Calculate the highest common factor of q and n.
4
Suppose 4*s - 16 = -8. Calculate the highest common factor of 10 and s.
2
Suppose 5*j = 6 + 19. Calculate the greatest common factor of j and 55.
5
Suppose 2*v = 5*x - 19, -2 - 18 = -4*x + 4*v. What is the greatest common factor of x and 15?
3
Let q = -105 + 145. Calculate the highest common divisor of 30 and q.
10
Let w be (0 + 1 + 4)*3. Let u = 21 - w. Let t(l) = 10*l**2 + 2*l + 1. Let f be t(-1). What is the greatest common divisor of u and f?
3
Suppose -2*n + 3*d + 34 = -2*d, d + 17 = n. Let q = n - 5. Let i = 95 + -65. What is the greatest common factor of i and q?
6
Let a(q) = -q**3 - 5*q**2 + q + 6. Let p be a(-6). Suppose 0 = z - 7 - 11. Calculate the highest common divisor of z and p.
18
Suppose 3*l = 2*l + 10. Let y be (-2 + l)/(-1)*-7. Calculate the highest common divisor of 8 and y.
8
Let t = -31 + 47. Calculate the highest common divisor of t and 4.
4
Let b be 1*3*1 + 37 + -10. Calcu